ist the prime factors of j.
3, 41
Let y = 814 + -136. List the prime factors of y.
2, 3, 113
Let w(b) = -4724*b**3 + 2*b**2 + 8*b + 6. List the prime factors of w(-1).
2, 1181
Let u = 13 + -9. Suppose 2*n - 13 = l, 0 = -n - 3*l - 7 - u. Suppose 0*t = n*t - 96. List the prime factors of t.
2, 3
Suppose -1 = -3*z + 4*z + 4*b, 3*z + 5*b + 3 = 0. Let h(p) = 139*p**2 - 2*p - 3. What are the prime factors of h(z)?
2, 3, 23
Let o = -209 - -358. What are the prime factors of o?
149
Suppose -10*j = 2960 - 20340. List the prime factors of j.
2, 11, 79
Suppose 2*f + 3 = 5. Let t(x) = 109*x + 1. List the prime factors of t(f).
2, 5, 11
Let f(r) be the first derivative of r**3/3 + 11*r**2/2 - 4*r + 5. What are the prime factors of f(-14)?
2, 19
Let l(w) = -24*w - 15. Let x be l(-4). Let v = 171 - x. List the prime factors of v.
2, 3, 5
Let t be 14/(-49) - (-74)/14. Let c be 1/t - (-13)/(-65). What are the prime factors of 46 + c - -4 - 4?
2, 23
Let w(c) = -295*c**3 - 6*c**2 + 2*c - 5. Let h(j) = -j**3 - j + 1. Let i(u) = 6*h(u) + w(u). What are the prime factors of i(-1)?
2, 3, 5
Suppose -9*r + 6*r = -42. Let t(m) = m**3 - 14*m**2 + m - 11. Let c be t(r). Let y(h) = -h**2 + 4*h. What are the prime factors of y(c)?
3
Let u be 7/(-14)*312/2. List the prime factors of (((-173)/(-2))/(-1))/(39/u).
173
Let i = -76 - -10. What are the prime factors of 3/(-2)*-2*i/(-2)?
3, 11
Suppose l = 286*z - 282*z - 5781, -2*z + 2901 = 3*l. What are the prime factors of z?
2, 3, 241
Suppose 12*i = 13*i - 90. What are the prime factors of i - (-6)/(-12)*0?
2, 3, 5
List the prime factors of 8/(-20) - 97/(-5).
19
Suppose -6*z + z = 3*h - 909, 9 = 3*z. What are the prime factors of h?
2, 149
Let p(u) = 2*u**2 - 3*u - 1. Let n be p(-2). Suppose 0 = 4*a + n + 19. List the prime factors of 28 + (-4)/a*2.
29
Suppose 4*u - 5*c + 9*c = 1844, -2*u - 3*c + 920 = 0. What are the prime factors of u?
463
Suppose 12*w - 32*w + 28260 = 0. List the prime factors of w.
3, 157
Suppose 47*p - 52958 - 199808 = 0. What are the prime factors of p?
2, 2689
Suppose 3*s - 182 = -620. Let p = -69 - s. Let q = p + -55. List the prime factors of q.
2, 11
Let b = -25 - -30. Suppose b*a = 2*a + 12. Suppose -99 = k - a*k. List the prime factors of k.
3, 11
Let s(g) = g**2 - 8*g. Let y be s(8). Let t(j) = j**2 + 2*j + 7. What are the prime factors of t(y)?
7
Let c(o) = -8*o + 8. Let u be c(6). Let s = 91 + u. What are the prime factors of s?
3, 17
Let m(o) = 137*o**2 + o + 1. Let u(v) = 69*v**2 + 1. Let t(d) = -2*m(d) + 5*u(d). What are the prime factors of t(1)?
2, 3
Let d(r) = 6*r**2 + 1. Let l be d(1). Suppose q - 20 = -l. Let f = -11 + q. What are the prime factors of f?
2
Suppose -5*b = -q + 1256, -b + 9 = 6. List the prime factors of q.
31, 41
Suppose -40 - 4 = -2*h. Let n be (-2)/3 + h/6. Let j(r) = 2*r**2 + 2*r - 2. What are the prime factors of j(n)?
2, 11
Let k be 197/(-5) + (-3)/5. Let y be -3 + 3/((-12)/k). Let n(t) = 5*t - 17. List the prime factors of n(y).
2, 3
Let h(d) = 9 - 1 - d - 10. Let f be h(-3). List the prime factors of 0/f - (-71 - 6).
7, 11
Let z = -429 - -1328. List the prime factors of z.
29, 31
Let k(d) = 4*d**3 + d**2 + 3*d + 1. Let j be k(-3). Let h = j - -199. What are the prime factors of h?
2, 23
Let y(v) = -v**3 - 8*v**2 - 7*v + 2. Let p be y(-7). Suppose 5*j = a - 7, -3 = -a - p*a - 3*j. What are the prime factors of a?
2
Let l(z) be the first derivative of 3*z**2/2 + 3*z + 7. Let c be l(0). Suppose -3*d = 5*r - 45, -d + 35 = 2*r + c*r. List the prime factors of r.
2, 3
Let v = -3 - 9. Let g be (-33)/v - 3/(-12). Suppose g*l = -l + 4*s + 88, -5*l + 110 = 5*s. What are the prime factors of l?
2, 11
Let u(h) = h**3 - 7*h**2 - h + 3. Let d be u(7). What are the prime factors of (-284)/(-4) + d/(-1)?
3, 5
Suppose 183 = 5*j - 3*h, -6*h = -4*h + 2. What are the prime factors of j?
2, 3
Suppose 0 = -0*k + k - 6. Let a(t) = -t**3 + 7*t**2 - 6*t - 5. Let w be a(k). List the prime factors of (-8 + 3)*24/w.
2, 3
Suppose 645*l = 635*l + 13180. What are the prime factors of l?
2, 659
List the prime factors of 4/(870/(-218) + 4).
2, 109
Suppose 0 = -3*w + 125 - 5. Suppose q + 35 = 3*j, 9*j + 2*q - w = 4*j. What are the prime factors of j?
2, 5
Let p(o) = -4*o - 3. Let h be p(-1). Suppose 3*f + 4*c = -1 - h, -2*c = 2*f. Suppose f*v = 3*x + 41 - 4, 3*v - x - 59 = 0. What are the prime factors of v?
2, 5
Let v(s) = -2*s**3 - 52*s**2 + 48*s + 12. What are the prime factors of v(-28)?
2, 11, 41
Let j(h) = 5*h + 5. Let d be -24*(1 + (-4)/3). List the prime factors of j(d).
3, 5
Suppose -s = 2*s - 42. What are the prime factors of 1169/s - 3/2?
2, 41
Let f(m) = -m - 2. Let t be f(9). Let r(n) = -10*n + 5. What are the prime factors of r(t)?
5, 23
Let j(b) = 272*b + 19. What are the prime factors of j(1)?
3, 97
Suppose -372 = -7*d - 5*d. Let u = d + -26. List the prime factors of u.
5
Suppose 0 = -19*o - 27419 + 74805. What are the prime factors of o?
2, 29, 43
What are the prime factors of 19376/36 + 40/(-180)?
2, 269
Let k = 14 - 12. List the prime factors of -111*7/(-6) - 3/k.
2
Let t be (-75)/(-10)*424/6. Suppose -6*k + t = 68. List the prime factors of k.
7, 11
What are the prime factors of -4 - 2 - -2154*(-7)/(-14)?
3, 7, 17
Let t = -132 + 135. Suppose t*g = 3*l + 69 + 27, 3*l = 2*g - 60. List the prime factors of g.
2, 3
Suppose -5*a = r - 9300, 4*r = -21*a + 24*a - 5580. What are the prime factors of a?
2, 3, 5, 31
Let c be 2/(-4) - 711/18. Let b = -13 - c. What are the prime factors of b?
3
Let i be (-511)/35 - (-2)/(-5). Let b = 17 + i. Suppose b*k = k + 18. List the prime factors of k.
2, 3
Let u = -32 + 34. Suppose -u*t - 234 = -5*t - 3*j, -70 = -t + 3*j. List the prime factors of t.
2, 19
Let j(s) = -23*s - 5. Let c be j(-4). Suppose -2*m - b + c = 0, 2*m = -b + 2*b + 93. List the prime factors of m.
3, 5
Let o = 7 + -15. Let s be 9 + o + (154 - 2). Suppose -3*z + 0*z + s = 0. List the prime factors of z.
3, 17
Suppose 4*i - 2*i = -4*x + 4, 5*i - 2*x = 22. Suppose i*w - 4 = 12. Suppose -b = w*b - 140. What are the prime factors of b?
2, 7
Let p(r) = 8*r**3. Let k be p(1). Let l = 26 - k. List the prime factors of l.
2, 3
Let d(h) = -h**2 + 7*h - 1. Let y be d(6). Suppose -r + 13 + 8 = -4*v, 20 = -y*v. Suppose -r*i + 3*i = -34. List the prime factors of i.
17
Let i(a) = 20*a**2 + a + 2. Let h be i(-1). Suppose -4*c + 3*u = -108 - h, -c = 5*u - 15. List the prime factors of c.
2, 3, 5
Suppose -130 = 26*h - 31*h. Let t = h - 17. What are the prime factors of t?
3
Suppose -3*t + 3*d + 45 = 0, -5*d = t - 3*d. Suppose -t*l = 5*g - 7*l - 476, -g = -2*l - 90. What are the prime factors of g?
2, 47
Let b(m) = -m**3 - 10*m**2 + 12*m + 16. Let l be b(-11). Suppose 6*v = l*v + 4. Suppose q = v*q - 45. What are the prime factors of q?
3, 5
Suppose b = w + 2413, -4*b = 10*w - 15*w - 9650. List the prime factors of b.
3, 5, 7, 23
Let x(b) = -395*b - 1. Let o be x(1). List the prime factors of o/(-24) - 6/4.
3, 5
Let z(f) = 55*f + 5. Let t(p) = 18*p + 2. Let y(r) = -8*t(r) + 3*z(r). List the prime factors of y(4).
83
Let n(r) = 112*r**2 + 37*r + 158. List the prime factors of n(-4).
2, 17, 53
List the prime factors of 129521/63 + (-78)/27 + 3.
2, 257
Let l(n) = -15*n - 14. Let x(g) = -16*g - 14. Let m(k) = 3*l(k) - 4*x(k). What are the prime factors of m(2)?
2, 13
Let r(l) = 3*l + 1. Let a be r(-7). Let h = 22 + a. Suppose 4*q = -h*w + 33 + 103, 5*q = -w + 173. List the prime factors of q.
5, 7
Let n be (-20)/(-10)*(-6)/4. List the prime factors of 2/n + (-227)/(-3).
3, 5
Let v(n) = 5*n - 12. Suppose 0*b + b = -5*s - 4, -s = 4*b - 22. What are the prime factors of v(b)?
2, 3
Let u(g) = g**2 + 3*g - 3. Let l(z) = z**3 - 12*z**2 + 4. Let s be l(12). What are the prime factors of u(s)?
5
Let b(n) = -2*n**3 - 12*n**2 - 4*n - 2. Let r be b(-6). Suppose 70 = -r*c + 24*c. What are the prime factors of c?
5, 7
Suppose 5*h + 27 = -18. Let n be (-366)/54 - (-2)/h. Let v = 28 + n. What are the prime factors of v?
3, 7
Suppose -11*l = 12*l - 9637. List the prime factors of l.
419
List the prime factors of (-6)/(-39) - 8/(-13)*991.
2, 5, 61
Let r(z) = z**3 - 19*z**2 + 18*z - 2. Let v be r(18). List the prime factors of ((v + 3)/(-1) - 69)*-1.
2, 5, 7
Let v = -1010 - -1795. What are the prime factors of v?
